{"id":2455,"date":"2024-01-21T14:01:07","date_gmt":"2024-01-21T13:01:07","guid":{"rendered":"https:\/\/ainsivalavie.fr\/?page_id=2455"},"modified":"2025-08-22T17:36:06","modified_gmt":"2025-08-22T15:36:06","slug":"280-31","status":"publish","type":"page","link":"https:\/\/ainsivalavie.fr\/index.php\/les-episodes\/280-31\/","title":{"rendered":"# 30 &#8211; Le &#8220;oui&#8221; qui sauve (don d&#8217;organes 2\/4)"},"content":{"rendered":"\t\t<div data-elementor-type=\"wp-page\" data-elementor-id=\"2455\" class=\"elementor elementor-2455\" data-elementor-settings=\"[]\">\n\t\t\t\t\t\t\t<div class=\"elementor-section-wrap\">\n\t\t\t\t\t\t\t<section class=\"elementor-section elementor-top-section elementor-element elementor-element-562aaaf elementor-section-boxed elementor-section-height-default elementor-section-height-default\" data-id=\"562aaaf\" data-element_type=\"section\">\n\t\t\t\t\t\t<div class=\"elementor-container elementor-column-gap-default\">\n\t\t\t\t\t<div class=\"elementor-column elementor-col-100 elementor-top-column elementor-element elementor-element-ab4a9e5\" data-id=\"ab4a9e5\" data-element_type=\"column\">\n\t\t\t<div class=\"elementor-widget-wrap elementor-element-populated\">\n\t\t\t\t\t\t\t\t<div class=\"elementor-element elementor-element-d1015c5 elementor-widget elementor-widget-image\" data-id=\"d1015c5\" data-element_type=\"widget\" data-widget_type=\"image.default\">\n\t\t\t\t<div class=\"elementor-widget-container\">\n\t\t\t\t\t\t\t\t\t\t\t\t\t\t\t<img width=\"640\" height=\"360\" src=\"https:\/\/ainsivalavie.fr\/wp-content\/uploads\/2025\/08\/19-768x432.png\" class=\"attachment-medium_large size-medium_large\" alt=\"\" loading=\"lazy\" srcset=\"https:\/\/ainsivalavie.fr\/wp-content\/uploads\/2025\/08\/19-768x432.png 768w, https:\/\/ainsivalavie.fr\/wp-content\/uploads\/2025\/08\/19-300x169.png 300w, https:\/\/ainsivalavie.fr\/wp-content\/uploads\/2025\/08\/19-1024x576.png 1024w, https:\/\/ainsivalavie.fr\/wp-content\/uploads\/2025\/08\/19-1536x864.png 1536w, https:\/\/ainsivalavie.fr\/wp-content\/uploads\/2025\/08\/19.png 1920w\" sizes=\"(max-width: 640px) 100vw, 640px\" \/>\t\t\t\t\t\t\t\t\t\t\t\t\t\t\t<\/div>\n\t\t\t\t<\/div>\n\t\t\t\t\t<\/div>\n\t\t<\/div>\n\t\t\t\t\t\t\t<\/div>\n\t\t<\/section>\n\t\t\t\t<section class=\"elementor-section elementor-top-section elementor-element elementor-element-db155f6 elementor-section-boxed elementor-section-height-default elementor-section-height-default\" data-id=\"db155f6\" data-element_type=\"section\">\n\t\t\t\t\t\t<div class=\"elementor-container elementor-column-gap-default\">\n\t\t\t\t\t<div class=\"elementor-column elementor-col-100 elementor-top-column elementor-element elementor-element-e794cd0\" data-id=\"e794cd0\" data-element_type=\"column\">\n\t\t\t<div class=\"elementor-widget-wrap elementor-element-populated\">\n\t\t\t\t\t\t\t\t<div class=\"elementor-element elementor-element-d2d07fd elementor-widget elementor-widget-heading\" data-id=\"d2d07fd\" data-element_type=\"widget\" data-widget_type=\"heading.default\">\n\t\t\t\t<div class=\"elementor-widget-container\">\n\t\t\t<h2 class=\"elementor-heading-title elementor-size-default\"># 30 - Le \"oui\" qui sauve<\/h2>\t\t<\/div>\n\t\t\t\t<\/div>\n\t\t\t\t\t<\/div>\n\t\t<\/div>\n\t\t\t\t\t\t\t<\/div>\n\t\t<\/section>\n\t\t\t\t<section class=\"elementor-section elementor-top-section elementor-element elementor-element-2ebdc43 elementor-section-boxed elementor-section-height-default elementor-section-height-default\" data-id=\"2ebdc43\" data-element_type=\"section\">\n\t\t\t\t\t\t<div class=\"elementor-container elementor-column-gap-default\">\n\t\t\t\t\t<div class=\"elementor-column elementor-col-100 elementor-top-column elementor-element elementor-element-4b18176\" data-id=\"4b18176\" data-element_type=\"column\">\n\t\t\t<div class=\"elementor-widget-wrap elementor-element-populated\">\n\t\t\t\t\t\t\t\t<div class=\"elementor-element elementor-element-9daa788 elementor-widget elementor-widget-text-editor\" data-id=\"9daa788\" data-element_type=\"widget\" data-widget_type=\"text-editor.default\">\n\t\t\t\t<div class=\"elementor-widget-container\">\n\t\t\t\t\t\t\t\t<iframe allow=\"autoplay *; encrypted-media *; fullscreen *; clipboard-write\" frameborder=\"0\" height=\"175\" style=\"width:100%;max-width:660px;overflow:hidden;border-radius:10px;\" sandbox=\"allow-forms allow-popups allow-same-origin allow-scripts allow-storage-access-by-user-activation allow-top-navigation-by-user-activation\" src=\"https:\/\/embed.podcasts.apple.com\/lu\/podcast\/ep-30-le-oui-qui-sauve-par-edith-greff%C3%A9e-du-foie-don\/id1570506833?i=1000642727624\">rel=&#8221;nofollow&#8221;<\/iframe> \t\t\t\t\t\t<\/div>\n\t\t\t\t<\/div>\n\t\t\t\t\t<\/div>\n\t\t<\/div>\n\t\t\t\t\t\t\t<\/div>\n\t\t<\/section>\n\t\t\t\t<section class=\"elementor-section elementor-top-section elementor-element elementor-element-9f9ebbf elementor-section-boxed elementor-section-height-default elementor-section-height-default\" data-id=\"9f9ebbf\" data-element_type=\"section\">\n\t\t\t\t\t\t<div class=\"elementor-container elementor-column-gap-default\">\n\t\t\t\t\t<div class=\"elementor-column elementor-col-100 elementor-top-column elementor-element elementor-element-bd2266d\" data-id=\"bd2266d\" data-element_type=\"column\">\n\t\t\t<div class=\"elementor-widget-wrap elementor-element-populated\">\n\t\t\t\t\t\t\t\t<div class=\"elementor-element elementor-element-86acef4 elementor-widget elementor-widget-text-editor\" data-id=\"86acef4\" data-element_type=\"widget\" data-widget_type=\"text-editor.default\">\n\t\t\t\t<div class=\"elementor-widget-container\">\n\t\t\t\t\t\t\t\t<p><strong>La greffe qui a chang\u00e9 une vie : l&#8217;histoire d&#8217;Edith, une rencontre qui bouleverse les id\u00e9es re\u00e7ues.<\/strong><\/p><p>Dans ce nouvel \u00e9pisode du<strong> podcast<\/strong> &#8220;<strong><em>Ainsi va la vie<\/em><\/strong>&#8220;, je vous propose un t\u00e9moignage bouleversant qui nous confronte \u00e0 la r\u00e9alit\u00e9 complexe et parfois inattendue du don d&#8217;organe.<\/p><p>C&#8217;est l&#8217;histoire d&#8217;Edith, une jeune m\u00e8re de famille dont la vie a bascul\u00e9 \u00e0 la naissance de son troisi\u00e8me enfant.<\/p><h5><strong>Un don d&#8217;organe, une seconde naissance<\/strong><\/h5><p>La grossesse d&#8217;Edith se d\u00e9roulait sans encombre jusqu&#8217;\u00e0 ce qu&#8217;une complication soudaine menace sa vie. C&#8217;est dans cette situation critique, alors que rien ne la pr\u00e9destinait \u00e0 recevoir une greffe, qu&#8217;Edith a b\u00e9n\u00e9fici\u00e9 d&#8217;un don d&#8217;organe salvateur. Cette exp\u00e9rience a non seulement sauv\u00e9 sa vie mais a \u00e9galement offert une nouvelle perspective \u00e0 toute sa famille.<\/p><h5><strong>Le r\u00e9cit d&#8217;Edith : de l&#8217;espoir entre rire et larmes<\/strong><\/h5><p>Dans cet \u00e9pisode, Edith nous partage son parcours hors du commun, de la joie de donner naissance \u00e0 de multiples op\u00e9rations et \u00e0 un coma.<\/p><p>Elle d\u00e9taille les circonstances extraordinaires qui ont entour\u00e9 son accouchement et la greffe qui a suivi, ainsi que les \u00e9motions complexes qui ont accompagn\u00e9 sa convalescence et sa renaissance.<\/p><h5><strong>Le message d&#8217;Edith : il faut parler du don d&#8217;organe<\/strong><\/h5><p>\u00c0 travers son t\u00e9moignage, Edith souligne l&#8217;importance de discuter du don d&#8217;organe avec nos proches. Elle rappelle l&#8217;impact incroyable que peut avoir un tel geste, non seulement pour les receveurs mais aussi pour les familles des donneurs. Elle encourage chacun \u00e0 se positionner et \u00e0 partager ses volont\u00e9s concernant le don d&#8217;organe post-mortem.<\/p><h5><strong>Pourquoi \u00e9couter cet \u00e9pisode ?<\/strong><\/h5><p>&#8211; <strong>D\u00e9couvrir une histoire vraie et touchante<\/strong> : Le parcours d&#8217;Edith est un exemple de la fa\u00e7on dont la vie peut \u00eatre transform\u00e9e par le don d&#8217;organe post-mortem.<br \/>&#8211; <strong>Comprendre le don d&#8217;organe<\/strong> : Cet \u00e9pisode offre un aper\u00e7u des r\u00e9alit\u00e9s m\u00e9dicales et \u00e9motionnelles qui entourent le processus de greffe.<br \/>&#8211;<strong> S&#8217;inspirer pour agir<\/strong> : L&#8217;histoire d&#8217;Edith peut vous motiver, vous les auditrices et auditeurs du podcast &#8220;Ainsi va la vie&#8221;, \u00e0 discuter et \u00e0 prendre position sur le don d&#8217;organe post-mortem.<\/p><h5><em><strong>Abonnez-vous \u00e0 &#8220;Ainsi va la vie&#8221;, le podcast qui parle sans tabou de la mort et du deuil.<\/strong><\/em><\/h5><p>Si l&#8217;histoire d&#8217;Edith vous interpelle et que vous souhaitez soutenir ma d\u00e9marche de sensibilisation, abonnez-vous \u00e0 &#8220;Ainsi va la vie&#8221; (sur la cha\u00eene Youtube et \u00e0 la newsletter) et partagez cet \u00e9pisode avec votre entourage.<\/p><h5><strong>\u00c0 propos de l&#8217;\u00e9pisode<\/strong><\/h5><p>Pour \u00e9couter l&#8217;int\u00e9gralit\u00e9 de l&#8217;\u00e9pisode, rendez-vous\u00a0 sur votre plateforme d&#8217;\u00e9coute favorite (Apple podcast, Deezer, Spotify, Amazon Music, Youtube).<\/p><p>\u00a0<\/p><h6><strong>Et n&#8217;oubliez pas, en laissant un avis ou en donnant 5 \u00e9toiles \u00e0 l&#8217;\u00e9pisode, vous aidez \u00e0 le faire conna\u00eetre et \u00e0 toucher davantage de personnes avec ces t\u00e9moignages qui changent la vie.<\/strong><\/h6><p>\u00a0<\/p><p>\ud83d\udc49<strong> PARTAGEZ CET EPISODE, COMMENTEZ ET DONNEZ 5* POUR QUE LE PODCAST CONTINUE ! <\/strong><\/p><p>\u25ba RESEAUX SOCIAUX<\/p><p>\ud83d\udc49 Instagram : @ainsivalavie.podcast<\/p><p>\ud83d\udc49 Facebook : ainsivalaviepodcast<\/p><p>\u25ba SITES INTERNET<\/p><p>\ud83d\udc49 https:\/\/www.ainsivalavie.fr<\/p><p>\ud83d\udc49 https:\/\/www.gaelle-guiny.com<\/p><pre>cr\u00e9dits musique: Flourish by Purrple Cat | https:\/\/purrplecat.com - Music promoted by<br \/> https:\/\/www.free-stock-music.comCreative Commons Attribution-ShareAlike 3.0 Unported -<br \/> https:\/\/creativecommons.org\/licenses\/.. . <br \/>Track: The Storyteller Music by https:\/\/www.fiftysounds.com<\/pre>\t\t\t\t\t\t<\/div>\n\t\t\t\t<\/div>\n\t\t\t\t\t<\/div>\n\t\t<\/div>\n\t\t\t\t\t\t\t<\/div>\n\t\t<\/section>\n\t\t\t\t\t\t<\/div>\n\t\t\t\t\t<\/div>\n\t\t","protected":false},"excerpt":{"rendered":"<p># 30 &#8211; Le &#8220;oui&#8221; qui sauve rel=&#8221;nofollow&#8221; La greffe qui a chang\u00e9 une vie : l&#8217;histoire d&#8217;Edith, une rencontre&#8230;<\/p>\n","protected":false},"author":1,"featured_media":0,"parent":37,"menu_order":0,"comment_status":"closed","ping_status":"closed","template":"","meta":[],"_links":{"self":[{"href":"https:\/\/ainsivalavie.fr\/index.php\/wp-json\/wp\/v2\/pages\/2455"}],"collection":[{"href":"https:\/\/ainsivalavie.fr\/index.php\/wp-json\/wp\/v2\/pages"}],"about":[{"href":"https:\/\/ainsivalavie.fr\/index.php\/wp-json\/wp\/v2\/types\/page"}],"author":[{"embeddable":true,"href":"https:\/\/ainsivalavie.fr\/index.php\/wp-json\/wp\/v2\/users\/1"}],"replies":[{"embeddable":true,"href":"https:\/\/ainsivalavie.fr\/index.php\/wp-json\/wp\/v2\/comments?post=2455"}],"version-history":[{"count":22,"href":"https:\/\/ainsivalavie.fr\/index.php\/wp-json\/wp\/v2\/pages\/2455\/revisions"}],"predecessor-version":[{"id":3746,"href":"https:\/\/ainsivalavie.fr\/index.php\/wp-json\/wp\/v2\/pages\/2455\/revisions\/3746"}],"up":[{"embeddable":true,"href":"https:\/\/ainsivalavie.fr\/index.php\/wp-json\/wp\/v2\/pages\/37"}],"wp:attachment":[{"href":"https:\/\/ainsivalavie.fr\/index.php\/wp-json\/wp\/v2\/media?parent=2455"}],"curies":[{"name":"wp","href":"https:\/\/api.w.org\/{rel}","templated":true}]}}

<div data-elementor-type="wp-page" data-elementor-id="2455" class="elementor elementor-2455" data-elementor-settings="[]">
							<div class="elementor-section-wrap">
							<section class="elementor-section elementor-top-section elementor-element elementor-element-562aaaf elementor-section-boxed elementor-section-height-default elementor-section-height-default" data-id="562aaaf" data-element_type="section">
						<div class="elementor-container elementor-column-gap-default">
					<div class="elementor-column elementor-col-100 elementor-top-column elementor-element elementor-element-ab4a9e5" data-id="ab4a9e5" data-element_type="column">
			<div class="elementor-widget-wrap elementor-element-populated">
								<div class="elementor-element elementor-element-d1015c5 elementor-widget elementor-widget-image" data-id="d1015c5" data-element_type="widget" data-widget_type="image.default">
				<div class="elementor-widget-container">
															<img width="640" height="360" src="https://ainsivalavie.fr/wp-content/uploads/2025/08/19-768x432.png" class="attachment-medium_large size-medium_large" alt="" loading="lazy" srcset="https://ainsivalavie.fr/wp-content/uploads/2025/08/19-768x432.png 768w, https://ainsivalavie.fr/wp-content/uploads/2025/08/19-300x169.png 300w, https://ainsivalavie.fr/wp-content/uploads/2025/08/19-1024x576.png 1024w, https://ainsivalavie.fr/wp-content/uploads/2025/08/19-1536x864.png 1536w, https://ainsivalavie.fr/wp-content/uploads/2025/08/19.png 1920w" sizes="(max-width: 640px) 100vw, 640px" />															</div>
				</div>
					</div>
		</div>
							</div>
		</section>
				<section class="elementor-section elementor-top-section elementor-element elementor-element-db155f6 elementor-section-boxed elementor-section-height-default elementor-section-height-default" data-id="db155f6" data-element_type="section">
						<div class="elementor-container elementor-column-gap-default">
					<div class="elementor-column elementor-col-100 elementor-top-column elementor-element elementor-element-e794cd0" data-id="e794cd0" data-element_type="column">
			<div class="elementor-widget-wrap elementor-element-populated">
								<div class="elementor-element elementor-element-d2d07fd elementor-widget elementor-widget-heading" data-id="d2d07fd" data-element_type="widget" data-widget_type="heading.default">
				<div class="elementor-widget-container">
			<h2 class="elementor-heading-title elementor-size-default"># 30 - Le "oui" qui sauve</h2>		</div>
				</div>
					</div>
		</div>
							</div>
		</section>
				<section class="elementor-section elementor-top-section elementor-element elementor-element-2ebdc43 elementor-section-boxed elementor-section-height-default elementor-section-height-default" data-id="2ebdc43" data-element_type="section">
						<div class="elementor-container elementor-column-gap-default">
					<div class="elementor-column elementor-col-100 elementor-top-column elementor-element elementor-element-4b18176" data-id="4b18176" data-element_type="column">
			<div class="elementor-widget-wrap elementor-element-populated">
								<div class="elementor-element elementor-element-9daa788 elementor-widget elementor-widget-text-editor" data-id="9daa788" data-element_type="widget" data-widget_type="text-editor.default">
				<div class="elementor-widget-container">
								<iframe allow="autoplay *; encrypted-media *; fullscreen *; clipboard-write" frameborder="0" height="175" style="width:100%;max-width:660px;overflow:hidden;border-radius:10px;" sandbox="allow-forms allow-popups allow-same-origin allow-scripts allow-storage-access-by-user-activation allow-top-navigation-by-user-activation" src="https://embed.podcasts.apple.com/lu/podcast/ep-30-le-oui-qui-sauve-par-edith-greff%C3%A9e-du-foie-don/id1570506833?i=1000642727624">rel=&#8221;nofollow&#8221;</iframe> 						</div>
				</div>
					</div>
		</div>
							</div>
		</section>
				<section class="elementor-section elementor-top-section elementor-element elementor-element-9f9ebbf elementor-section-boxed elementor-section-height-default elementor-section-height-default" data-id="9f9ebbf" data-element_type="section">
						<div class="elementor-container elementor-column-gap-default">
					<div class="elementor-column elementor-col-100 elementor-top-column elementor-element elementor-element-bd2266d" data-id="bd2266d" data-element_type="column">
			<div class="elementor-widget-wrap elementor-element-populated">
								<div class="elementor-element elementor-element-86acef4 elementor-widget elementor-widget-text-editor" data-id="86acef4" data-element_type="widget" data-widget_type="text-editor.default">
				<div class="elementor-widget-container">
								<p><strong>La greffe qui a changé une vie : l&#8217;histoire d&#8217;Edith, une rencontre qui bouleverse les idées reçues.</strong></p><p>Dans ce nouvel épisode du<strong> podcast</strong> &#8220;<strong><em>Ainsi va la vie</em></strong>&#8220;, je vous propose un témoignage bouleversant qui nous confronte à la réalité complexe et parfois inattendue du don d&#8217;organe.</p><p>C&#8217;est l&#8217;histoire d&#8217;Edith, une jeune mère de famille dont la vie a basculé à la naissance de son troisième enfant.</p><h5><strong>Un don d&#8217;organe, une seconde naissance</strong></h5><p>La grossesse d&#8217;Edith se déroulait sans encombre jusqu&#8217;à ce qu&#8217;une complication soudaine menace sa vie. C&#8217;est dans cette situation critique, alors que rien ne la prédestinait à recevoir une greffe, qu&#8217;Edith a bénéficié d&#8217;un don d&#8217;organe salvateur. Cette expérience a non seulement sauvé sa vie mais a également offert une nouvelle perspective à toute sa famille.</p><h5><strong>Le récit d&#8217;Edith : de l&#8217;espoir entre rire et larmes</strong></h5><p>Dans cet épisode, Edith nous partage son parcours hors du commun, de la joie de donner naissance à de multiples opérations et à un coma.</p><p>Elle détaille les circonstances extraordinaires qui ont entouré son accouchement et la greffe qui a suivi, ainsi que les émotions complexes qui ont accompagné sa convalescence et sa renaissance.</p><h5><strong>Le message d&#8217;Edith : il faut parler du don d&#8217;organe</strong></h5><p>À travers son témoignage, Edith souligne l&#8217;importance de discuter du don d&#8217;organe avec nos proches. Elle rappelle l&#8217;impact incroyable que peut avoir un tel geste, non seulement pour les receveurs mais aussi pour les familles des donneurs. Elle encourage chacun à se positionner et à partager ses volontés concernant le don d&#8217;organe post-mortem.</p><h5><strong>Pourquoi écouter cet épisode ?</strong></h5><p>&#8211; <strong>Découvrir une histoire vraie et touchante</strong> : Le parcours d&#8217;Edith est un exemple de la façon dont la vie peut être transformée par le don d&#8217;organe post-mortem.<br />&#8211; <strong>Comprendre le don d&#8217;organe</strong> : Cet épisode offre un aperçu des réalités médicales et émotionnelles qui entourent le processus de greffe.<br />&#8211;<strong> S&#8217;inspirer pour agir</strong> : L&#8217;histoire d&#8217;Edith peut vous motiver, vous les auditrices et auditeurs du podcast &#8220;Ainsi va la vie&#8221;, à discuter et à prendre position sur le don d&#8217;organe post-mortem.</p><h5><em><strong>Abonnez-vous à &#8220;Ainsi va la vie&#8221;, le podcast qui parle sans tabou de la mort et du deuil.</strong></em></h5><p>Si l&#8217;histoire d&#8217;Edith vous interpelle et que vous souhaitez soutenir ma démarche de sensibilisation, abonnez-vous à &#8220;Ainsi va la vie&#8221; (sur la chaîne Youtube et à la newsletter) et partagez cet épisode avec votre entourage.</p><h5><strong>À propos de l&#8217;épisode</strong></h5><p>Pour écouter l&#8217;intégralité de l&#8217;épisode, rendez-vous  sur votre plateforme d&#8217;écoute favorite (Apple podcast, Deezer, Spotify, Amazon Music, Youtube).</p><p> </p><h6><strong>Et n&#8217;oubliez pas, en laissant un avis ou en donnant 5 étoiles à l&#8217;épisode, vous aidez à le faire connaître et à toucher davantage de personnes avec ces témoignages qui changent la vie.</strong></h6><p> </p><p>👉<strong> PARTAGEZ CET EPISODE, COMMENTEZ ET DONNEZ 5* POUR QUE LE PODCAST CONTINUE ! </strong></p><p>► RESEAUX SOCIAUX</p><p>👉 Instagram : @ainsivalavie.podcast</p><p>👉 Facebook : ainsivalaviepodcast</p><p>► SITES INTERNET</p><p>👉 https://www.ainsivalavie.fr</p><p>👉 https://www.gaelle-guiny.com</p><pre>crédits musique: Flourish by Purrple Cat | https://purrplecat.com - Music promoted by<br /> https://www.free-stock-music.comCreative Commons Attribution-ShareAlike 3.0 Unported -<br /> https://creativecommons.org/licenses/.. . <br />Track: The Storyteller Music by https://www.fiftysounds.com</pre>						</div>
				</div>
					</div>
		</div>
							</div>
		</section>
						</div>
					</div>

<p># 30 &#8211; Le &#8220;oui&#8221; qui sauve rel=&#8221;nofollow&#8221; La greffe qui a changé une vie : l&#8217;histoire d&#8217;Edith, une rencontre&#8230;</p>
