{"id":1548,"date":"2022-09-23T14:17:51","date_gmt":"2022-09-23T12:17:51","guid":{"rendered":"https:\/\/ainsivalavie.fr\/?page_id=1548"},"modified":"2025-08-22T09:33:37","modified_gmt":"2025-08-22T07:33:37","slug":"280-17","status":"publish","type":"page","link":"https:\/\/ainsivalavie.fr\/index.php\/les-episodes\/280-17\/","title":{"rendered":"# 16 &#8211; Deuil au f\u00e9minin &#038; deuil au masculin"},"content":{"rendered":"\t\t<div data-elementor-type=\"wp-page\" data-elementor-id=\"1548\" class=\"elementor elementor-1548\" data-elementor-settings=\"[]\">\n\t\t\t\t\t\t\t<div class=\"elementor-section-wrap\">\n\t\t\t\t\t\t\t<section class=\"elementor-section elementor-top-section elementor-element elementor-element-2c494ae elementor-section-boxed elementor-section-height-default elementor-section-height-default\" data-id=\"2c494ae\" data-element_type=\"section\">\n\t\t\t\t\t\t<div class=\"elementor-container elementor-column-gap-default\">\n\t\t\t\t\t<div class=\"elementor-column elementor-col-100 elementor-top-column elementor-element elementor-element-31b4f2e\" data-id=\"31b4f2e\" data-element_type=\"column\">\n\t\t\t<div class=\"elementor-widget-wrap elementor-element-populated\">\n\t\t\t\t\t\t\t\t<div class=\"elementor-element elementor-element-fe1456f elementor-widget elementor-widget-image\" data-id=\"fe1456f\" data-element_type=\"widget\" data-widget_type=\"image.default\">\n\t\t\t\t<div class=\"elementor-widget-container\">\n\t\t\t\t\t\t\t\t\t\t\t\t\t\t\t<img width=\"640\" height=\"360\" src=\"https:\/\/ainsivalavie.fr\/wp-content\/uploads\/2025\/08\/34-768x432.png\" class=\"attachment-medium_large size-medium_large\" alt=\"\" loading=\"lazy\" srcset=\"https:\/\/ainsivalavie.fr\/wp-content\/uploads\/2025\/08\/34-768x432.png 768w, https:\/\/ainsivalavie.fr\/wp-content\/uploads\/2025\/08\/34-300x169.png 300w, https:\/\/ainsivalavie.fr\/wp-content\/uploads\/2025\/08\/34-1024x576.png 1024w, https:\/\/ainsivalavie.fr\/wp-content\/uploads\/2025\/08\/34-1536x864.png 1536w, https:\/\/ainsivalavie.fr\/wp-content\/uploads\/2025\/08\/34.png 1920w\" sizes=\"(max-width: 640px) 100vw, 640px\" \/>\t\t\t\t\t\t\t\t\t\t\t\t\t\t\t<\/div>\n\t\t\t\t<\/div>\n\t\t\t\t\t<\/div>\n\t\t<\/div>\n\t\t\t\t\t\t\t<\/div>\n\t\t<\/section>\n\t\t\t\t<section class=\"elementor-section elementor-top-section elementor-element elementor-element-c481c97 elementor-section-boxed elementor-section-height-default elementor-section-height-default\" data-id=\"c481c97\" data-element_type=\"section\">\n\t\t\t\t\t\t<div class=\"elementor-container elementor-column-gap-default\">\n\t\t\t\t\t<div class=\"elementor-column elementor-col-100 elementor-top-column elementor-element elementor-element-b03c709\" data-id=\"b03c709\" data-element_type=\"column\">\n\t\t\t<div class=\"elementor-widget-wrap elementor-element-populated\">\n\t\t\t\t\t\t\t\t<div class=\"elementor-element elementor-element-4885d27 elementor-widget elementor-widget-heading\" data-id=\"4885d27\" data-element_type=\"widget\" data-widget_type=\"heading.default\">\n\t\t\t\t<div class=\"elementor-widget-container\">\n\t\t\t<h2 class=\"elementor-heading-title elementor-size-default\"># 16 - Deuil au f\u00e9minin et deuil au masculin<\/h2>\t\t<\/div>\n\t\t\t\t<\/div>\n\t\t\t\t\t<\/div>\n\t\t<\/div>\n\t\t\t\t\t\t\t<\/div>\n\t\t<\/section>\n\t\t\t\t<section class=\"elementor-section elementor-top-section elementor-element elementor-element-6829e92 elementor-section-boxed elementor-section-height-default elementor-section-height-default\" data-id=\"6829e92\" data-element_type=\"section\">\n\t\t\t\t\t\t<div class=\"elementor-container elementor-column-gap-default\">\n\t\t\t\t\t<div class=\"elementor-column elementor-col-100 elementor-top-column elementor-element elementor-element-a13b350\" data-id=\"a13b350\" data-element_type=\"column\">\n\t\t\t<div class=\"elementor-widget-wrap elementor-element-populated\">\n\t\t\t\t\t\t\t\t<div class=\"elementor-element elementor-element-73f8977 elementor-widget elementor-widget-text-editor\" data-id=\"73f8977\" data-element_type=\"widget\" data-widget_type=\"text-editor.default\">\n\t\t\t\t<div class=\"elementor-widget-container\">\n\t\t\t\t\t\t\t\t<p><iframe style=\"width: 100%; max-width: 660px; overflow: hidden; background: transparent;\" src=\"https:\/\/embed.podcasts.apple.com\/us\/podcast\/deuil-au-f%C3%A9minin-deuil-au-masculin\/id1570506833?i=1000579270746\" height=\"175\" frameborder=\"0\" sandbox=\"allow-forms allow-popups allow-same-origin allow-scripts allow-storage-access-by-user-activation allow-top-navigation-by-user-activation\"><\/iframe><\/p>\t\t\t\t\t\t<\/div>\n\t\t\t\t<\/div>\n\t\t\t\t\t<\/div>\n\t\t<\/div>\n\t\t\t\t\t\t\t<\/div>\n\t\t<\/section>\n\t\t\t\t<section class=\"elementor-section elementor-top-section elementor-element elementor-element-4f24e3f elementor-section-boxed elementor-section-height-default elementor-section-height-default\" data-id=\"4f24e3f\" data-element_type=\"section\">\n\t\t\t\t\t\t<div class=\"elementor-container elementor-column-gap-default\">\n\t\t\t\t\t<div class=\"elementor-column elementor-col-100 elementor-top-column elementor-element elementor-element-b2a7a0d\" data-id=\"b2a7a0d\" data-element_type=\"column\">\n\t\t\t<div class=\"elementor-widget-wrap elementor-element-populated\">\n\t\t\t\t\t\t\t\t<div class=\"elementor-element elementor-element-35a96b9 elementor-widget elementor-widget-text-editor\" data-id=\"35a96b9\" data-element_type=\"widget\" data-widget_type=\"text-editor.default\">\n\t\t\t\t<div class=\"elementor-widget-container\">\n\t\t\t\t\t\t\t\t<div class=\"m8h3af8h l7ghb35v kjdc1dyq kmwttqpk gh25dzvf n3t5jt4f\"><div dir=\"auto\">Si, durant un deuil, vous avez d\u00e9j\u00e0 eu le sentiment que vous n&#8217;\u00e9tiez pas sur la m\u00eame longueur d&#8217;ondes avec votre partenaire ;\u00a0Qu&#8217;il\/elle ne comprenait pas vos \u00e9motions, vos \u00e9tats d&#8217;\u00e2mes, votre besoin de communiquer ou, au contraire, votre besoin de silence, cet \u00e9pisode est fait pour vous.<\/div><div dir=\"auto\">\u00a0<\/div><\/div><div class=\"l7ghb35v kjdc1dyq kmwttqpk gh25dzvf jikcssrz n3t5jt4f\"><div dir=\"auto\"><strong>Avec Nadine Beauth\u00e9ac, nous d\u00e9cryptons ce qu&#8217;est le v\u00e9cu du deuil au f\u00e9minin et au masculin.<\/strong><\/div><div dir=\"auto\">\u00a0<\/div><div dir=\"auto\"><strong><em>Pour mieux comprendre l&#8217;autre, il est important de s&#8217;informer de ses singularit\u00e9s et de composer avec afin de mieux se respecter et s&#8217;ajuster l&#8217;un.e\/l&#8217;autre.<\/em><\/strong><\/div><div dir=\"auto\">\u00a0<\/div><\/div><div dir=\"auto\">Nadine Beauth\u00e9ac a consacr\u00e9 la majeure partie de sa vie au soutien des personnes endeuill\u00e9es. Elle-m\u00eame a perdu une petite fille de la mort subite du nourrisson et est devenue veuve \u00e0 deux reprises.<\/div><div dir=\"auto\">Psychoth\u00e9rapeute, conf\u00e9renci\u00e8re, animatrice de groupes d&#8217;entraide pour parents endeuill\u00e9s dans les associations Na\u00eetre et Vivre Ile-de-France et Choisir l&#8217;Espoir\/Apprivoiser l&#8217;Absence, elle a \u00e9crit plusieurs ouvrages r\u00e9f\u00e9rence sur le deuil dont &#8220;Hommes et femmes face au deuil, regards crois\u00e9s sur le chagrin&#8221; (Editions Albin Michel).<\/div><div dir=\"auto\">\u00a0<\/div><div dir=\"auto\">J&#8217;avais \u00e0 coeur de vous proposer un \u00e9pisode consacr\u00e9 \u00e0 ce sujet parce qu&#8217;au quotidien, dans mes accompagnements, je me rends compte <strong>des maladresses, des incompr\u00e9hensions et des \u00e9cueils que rencontrent les couples endeuill\u00e9s, les hommes et les femmes de la famille, les ami.e.s, les proches etc<\/strong>&#8230;<\/div><div dir=\"auto\">\u00a0<\/div><div dir=\"auto\">\ud83c\udf3f Y-a-t-il vraiment un v\u00e9cu diff\u00e9rent selon le genre ?<\/div><div dir=\"auto\">\ud83c\udf3f Si oui, quel est-il ?<\/div><div dir=\"auto\">\ud83c\udf3f Quelles en sont les sp\u00e9cificit\u00e9s ?<\/div><div dir=\"auto\">\u00a0<\/div><div dir=\"auto\">\ud83d\udc49 Nous proposerons des pistes pour ne pas ajouter de la souffrance \u00e0 la souffrance et pour se faire aider quand les diff\u00e9rences d&#8217;attitudes paraissent irr\u00e9conciliables.<\/div><div dir=\"auto\">\u00a0<\/div><div dir=\"auto\">\ud83d\udc49 Cet \u00e9pisode nous offre des cl\u00e9s pour mieux comprendre l&#8217;autre dans l&#8217;expression de ses \u00e9motions, de son chagrin, de sa souffrance.<\/div><div dir=\"auto\">\u00a0<\/div><div dir=\"auto\">Et je suis certaine que ce dont nous parlons vous sera utile dans d&#8217;autres circonstances que le deuil. Bonne \u00e9coute !<\/div><div dir=\"auto\">\u00a0<\/div><div dir=\"auto\"><strong>Partagez cet \u00e9pisode le plus possible pour que nous devenions tous et toutes des personnes plus conscientes et plus compr\u00e9hensives du v\u00e9cu de l&#8217;autre.<\/strong><\/div><div dir=\"auto\">\u00a0<\/div><div dir=\"auto\"><p>\u25ba RESEAUX SOCIAUX<\/p><p>Vous pouvez suivre les publications de Ainsi va la vie sur:<\/p><p><img class=\"emoji\" role=\"img\" draggable=\"false\" src=\"https:\/\/s.w.org\/images\/core\/emoji\/13.1.0\/svg\/1f449.svg\" alt=\"\ud83d\udc49\" \/>\u00a0Instagram : @ainsivalavie.podcast<\/p><p><img class=\"emoji\" role=\"img\" draggable=\"false\" src=\"https:\/\/s.w.org\/images\/core\/emoji\/13.1.0\/svg\/1f449.svg\" alt=\"\ud83d\udc49\" \/>\u00a0Facebook : https:\/\/www.facebook.com\/ainsivalavie\u2026<\/p><p>\u25ba SITES INTERNET<\/p><p><img class=\"emoji\" role=\"img\" draggable=\"false\" src=\"https:\/\/s.w.org\/images\/core\/emoji\/13.1.0\/svg\/1f449.svg\" alt=\"\ud83d\udc49\" \/>https:\/\/www.ainsivalavie.fr<\/p><p><img class=\"emoji\" role=\"img\" draggable=\"false\" src=\"https:\/\/s.w.org\/images\/core\/emoji\/13.1.0\/svg\/1f449.svg\" alt=\"\ud83d\udc49\" \/>\u00a0https:\/\/www.gaelle-guiny.com<\/p><p>cr\u00e9dit musique (intro et outro): Flourish by Purrple Cat | https:\/\/purrplecat.com \u2013 Music promoted by https:\/\/www.free-stock-music.comCreative Commons Attribution-ShareAlike 3.0 Unported \u2013 https:\/\/creativecommons.org\/licenses\/\u2026<\/p><\/div><div dir=\"auto\">\u00a0<\/div>\t\t\t\t\t\t<\/div>\n\t\t\t\t<\/div>\n\t\t\t\t\t<\/div>\n\t\t<\/div>\n\t\t\t\t\t\t\t<\/div>\n\t\t<\/section>\n\t\t\t\t\t\t<\/div>\n\t\t\t\t\t<\/div>\n\t\t","protected":false},"excerpt":{"rendered":"<p># 16 &#8211; Deuil au f\u00e9minin et deuil au masculin Si, durant un deuil, vous avez d\u00e9j\u00e0 eu le sentiment&#8230;<\/p>\n","protected":false},"author":1,"featured_media":0,"parent":37,"menu_order":0,"comment_status":"closed","ping_status":"closed","template":"","meta":[],"_links":{"self":[{"href":"https:\/\/ainsivalavie.fr\/index.php\/wp-json\/wp\/v2\/pages\/1548"}],"collection":[{"href":"https:\/\/ainsivalavie.fr\/index.php\/wp-json\/wp\/v2\/pages"}],"about":[{"href":"https:\/\/ainsivalavie.fr\/index.php\/wp-json\/wp\/v2\/types\/page"}],"author":[{"embeddable":true,"href":"https:\/\/ainsivalavie.fr\/index.php\/wp-json\/wp\/v2\/users\/1"}],"replies":[{"embeddable":true,"href":"https:\/\/ainsivalavie.fr\/index.php\/wp-json\/wp\/v2\/comments?post=1548"}],"version-history":[{"count":15,"href":"https:\/\/ainsivalavie.fr\/index.php\/wp-json\/wp\/v2\/pages\/1548\/revisions"}],"predecessor-version":[{"id":3698,"href":"https:\/\/ainsivalavie.fr\/index.php\/wp-json\/wp\/v2\/pages\/1548\/revisions\/3698"}],"up":[{"embeddable":true,"href":"https:\/\/ainsivalavie.fr\/index.php\/wp-json\/wp\/v2\/pages\/37"}],"wp:attachment":[{"href":"https:\/\/ainsivalavie.fr\/index.php\/wp-json\/wp\/v2\/media?parent=1548"}],"curies":[{"name":"wp","href":"https:\/\/api.w.org\/{rel}","templated":true}]}}